 2*t = -29, -i*t + 3 = t. Is y prime?
False
Suppose 2*z - j - 8 = -0*j, 19 = 3*z + 2*j. Suppose -z*f + 190 = 25. Is f a composite number?
True
Let a(o) be the third derivative of -o**5/60 - 11*o**4/24 + 2*o**3/3 - o**2. Is a(-9) composite?
True
Let x(h) = h + 13. Let y be x(-9). Suppose -y*d - d = -295. Is d a composite number?
False
Is 295 - (-4 + 8 - 4) prime?
False
Let a = -49 + 151. Suppose -b = 5*z - 292, 1331 = 5*b - 2*z - a. Is b prime?
False
Let t(u) be the second derivative of -2*u**4/3 - u**3/6 - u**2 + 4*u. Let g be t(-3). Is 2*(-3 + g/(-2)) prime?
False
Suppose 16*m = 13*m + 4965. Is m a prime number?
False
Let u be (-2)/(-8) + 139/4. Let d be -10*(6/(-4) + 1). Suppose 0*f = -d*f + u. Is f prime?
True
Suppose -4*c + 3291 = -3*x, 0 = -3*c - 2*x - x + 2442. Suppose -c = -4*f + 5*r, 3*f - 643 = 2*r - 4*r. Is f prime?
True
Let v be 3*(4 + -1 - 2). Let i(x) = -x + 2. Let l be i(-3). Suppose l*f = v*z - 366, z - 112 = -0*z + 5*f. Is z composite?
False
Let j(d) = -d**3 + 15*d**2 + 2*d + 11. Is j(11) prime?
False
Suppose 3*a = 29 + 52. Let l be 3/2*(-1 + a). Let o = l + 28. Is o prime?
True
Let b be (4/6)/((-6)/(-531)). Suppose g - 45 = 5*d, -5*g + 2*g - 4*d + b = 0. Is g a prime number?
False
Suppose w = 0, l = -3*w - 71 + 476. Suppose -322 = -y - 3*y - 3*q, 5*y = -5*q + l. Is y a composite number?
False
Is 3401/4 + 9/12 prime?
False
Let y = -99 - -444. Suppose -3*h + 8*h = y. Is h composite?
True
Let b(s) = 2*s**3 - 14*s**2 + 2*s + 17. Is b(12) a composite number?
False
Suppose -2*g + 8 = -x, -2*g + 11 = -3*x - 1. Suppose -w + 95 = 3*a, -3*w - g*a = -2*a - 269. Is w prime?
True
Let i = 1 + -1. Let f(p) = p**2 + 16 + i*p**2 - 2. Is f(0) a composite number?
True
Suppose 3*u + 5*t = 1408, -4*u - 5*t + 1122 = -757. Is u prime?
False
Let b be 3/(21/(-6) - -3). Let h(d) = 3*d**2 + 8*d + 5. Is h(b) composite?
True
Suppose -4213 = -7*a + 4789. Is a a composite number?
True
Let m be 40/25 - (-4)/10. Let a = -75 - -228. Suppose 0 = 5*k + 3*h - 392, 3*k - m*h - 86 = a. Is k prime?
True
Suppose -b + 106 = b. Let j(d) = d**3 - 4*d**2 - 3*d + 6. Let a be j(5). Let c = b - a. Is c prime?
True
Let m = 3 + -2. Let w be (-4)/(3/(-3))*m. Suppose 23 = w*n - 3*n. Is n composite?
False
Let j(d) = 3*d**3 + 4*d**2 + 4*d + 2. Let m be j(-2). Let n = m - -91. Is n composite?
True
Let d(j) = j + 7. Let v be d(-4). Suppose 2*x = 4*g + 3*x - 12, 5*g - v*x = 15. Is g composite?
False
Let u = -3 + 6. Let d(f) = 33*f + 4. Is d(u) a prime number?
True
Suppose 4*y - 2*u - 800 = 0, -3*y - 4*u - 216 + 827 = 0. Let j = y + -104. Is j a composite number?
False
Let n be (-22)/4 + (-2)/4. Is ((-4)/n)/((-4)/(-354)) a composite number?
False
Let t be 3/(-1 + 4) - 17. Let v(i) = -13*i + 3. Is v(t) composite?
False
Suppose -5*s - 2*f + 3551 = 0, -735 + 38 = -s + 4*f. Is s composite?
False
Let k(b) = 6*b - 3. Suppose -2*v - v = -s - 19, -3*v = -4*s - 13. Is k(v) a prime number?
False
Let d be 1/(-1) - -3 - -570. Let v = d + -307. Is v prime?
False
Let j = 3412 + -2261. Is j a prime number?
True
Let j be 14/(-2 + 3) + -2. Suppose -2*v = v - j. Suppose -v*b + 38 = -2*b. Is b a prime number?
True
Let s(r) = -r**2 - r + 43. Let y(j) = j**2 + 14*j + 13. Let n be y(-13). Is s(n) a composite number?
False
Suppose -42 = -5*i + 1013. Is i a composite number?
False
Is 26394/4 - 7/(-14) composite?
False
Let g = -32 - -80. Let n = -11 + g. Is n prime?
True
Let z be 4 - 2 - (-1 - 0). Suppose 5*h - 5 = -y + 19, 0 = -z*y - h + 142. Is y composite?
True
Suppose 600 = 2*q - 770. Let r = q - 140. Is r prime?
False
Let g be (64/20)/((-1)/(-10)). Suppose g + 128 = 4*a. Suppose -a = -c + 45. Is c composite?
True
Let q be (-4)/((-12)/(-147))*1. Let r = q + 207. Suppose 0 = -2*x + 388 - r. Is x prime?
False
Suppose 0 = -x + 3*o - 15, o + 7 = 5*x + 26. Let n be (-337)/(-3) - 2/x. Let i = n - 66. Is i composite?
False
Let b(d) = -d**2 - 4*d**2 - 4 + 7*d**3 + 5*d + d**2 - 6*d**3. Let s be b(3). Is (-164)/(-12) - s/(-6) a composite number?
True
Suppose -6*y + 5*p = -2*y - 2252, -3*y + 1689 = -2*p. Is y prime?
True
Suppose -4*y = -3*y - 11. Suppose 3*b - 5*g = -57, 3*b = 4*g - 20 - 34. Let j = y - b. Is j prime?
False
Let b(c) = 12*c**3 + c**2 + 5*c - 9. Is b(5) a prime number?
False
Let p be -1*(0 + 1 + -4). Suppose 0 = p*c + c - 1316. Is c a prime number?
False
Let q be (0 + 1/(-2))*-2. Let c = q + -1. Is (c + 1 + 1)*5 prime?
False
Suppose -3*o + 118 = -o. Is o prime?
True
Suppose 5270 = 5*d - 5*j, 5*d + j - 3142 = 2*d. Is d prime?
True
Is (-3618)/(-7) + -4*6/(-168) a prime number?
False
Let i(j) = j**2 + j + 10. Let h be i(0). Suppose 3*u - 101 = h. Is u a prime number?
True
Let n = 14 - 23. Suppose 6*r - 2*r = -72. Is 2/n - 58/r composite?
False
Let m = 417 + 119. Is (m/(-24))/((-2)/6) composite?
False
Suppose 3*a = 7*a - 368. Let u be (-850)/14 + (-4)/14. Let h = a + u. Is h a composite number?
False
Let k = 161 + -94. Suppose 2*b - 5*c = 11, b + 5*c - k = -3*b. Is b prime?
True
Let v = -1 - -1. Suppose v = 4*x + 9 - 29. Suppose x*m - 13 = 152. Is m prime?
False
Suppose 2*p + 10 = 5*g - 27, 3*g - 27 = 2*p. Let r = p + 8. Suppose 4*h - r*x = 0, 0 = -2*h + 2*x - 3 - 1. Is h composite?
False
Suppose v = -0*v + i + 3, -2 = -3*v - 4*i. Let q(z) = z**3 - 1. Let a(l) = -5*l**3 - l**2 + 2*l - 4. Let x(r) = -a(r) + 5*q(r). Is x(v) a composite number?
False
Let r = 77 - 41. Let p be 12/(r/(-21) - -2). Let o = 127 - p. Is o composite?
True
Let q = 5799 - -1352. Is q a composite number?
False
Let u = -175 - -350. Suppose 138 = -2*r + 6*r + 2*o, 5*r = -5*o + u. Is r a prime number?
False
Let l be (-7)/(2 - 54/26). Suppose 3*s - 17 = v - l, 5*s = 25. Is v a composite number?
False
Suppose -b + 9 = 3*r + 2*r, -2*b + 4*r - 10 = 0. Is (-2 + 1)*(b - 22) a composite number?
False
Suppose 2*k - 793 + 287 = 0. Is k prime?
False
Let k(g) = 2*g - 5. Let m be k(4). Suppose v = f - 1, -5*v = -0*v + 2*f - 16. Is v*((-489)/(-2))/m a prime number?
True
Let i(p) = 13*p + 5. Suppose -4*t = -8, -2*t + 0*t = -r + 35. Suppose 4*f = -j - 9 + r, 2*f - j - 18 = 0. Is i(f) prime?
True
Suppose s + 4484 = 5*f - 2421, 5*f - 6905 = -4*s. Is f prime?
True
Let r = 539 + -311. Suppose 5*j - 157 - r = 0. Is j prime?
False
Suppose 6 = -2*p + p. Let k(s) = s**3 + 6*s**2 - s - 4. Let u be k(p). Suppose 3*n = u*z - 53, -n + 140 = 5*z - 6*n. Is z a prime number?
True
Let y = 360 - -213. Is y a prime number?
False
Let d = 963 + -496. Is d a composite number?
False
Is 1161/9 - 2*1 composite?
False
Suppose 20 = -j - j. Let s = j + 17. Is s a prime number?
True
Let y(v) = 285*v - 7. Is y(4) prime?
False
Let o = 2 - -3. Suppose -2*f + 14 = -f - 2*r, o*f + 3*r = 44. Suppose 34 - 6 = p + 5*q, -f = 2*q. Is p composite?
False
Let k(y) = -y**2 - 3*y + 3. Let i be k(-3). Let r = 188 + i. Is r a composite number?
False
Let s(j) = 19*j + 13. Let h be -2 - (-5)/((-15)/(-36)). Is s(h) a prime number?
False
Is -3 + 1 - (-30)/(-12)*-58 composite?
True
Let q(b) = -b**2 - 7*b - 5. Let l be q(-5). Let h(t) = 2*t**2 - 7*t + 7. Is h(l) a prime number?
False
Let d = 10 + -2. Is (2 - d)*8/(-12) a prime number?
False
Let w be 2/(-8) + 19/(-4). Let n(q) = -q - 2. Is n(w) composite?
False
Let y(a) = 2*a**3 - 2*a**2 - 8*a + 10. Let o(v) = v**3 - v**2 - 4*v + 5. Let r = -1 - 4. Let x(q) = r*o(q) + 3*y(q). Is x(4) composite?
False
Suppose 0 = 3*t - 8*t + 4*n + 5, 0 = -5*t + 5*n. Suppose 2*d = 10, t*w + d = 2*w + 17. Is w*(-5)/(40/(-282)) prime?
False
Suppose 4*d - 123 = 5*d - 4*c, -5*c - 640 = 5*d. Let m(h) = -254*h. Let t be m(1). Let l = d - t. Is l a prime number?
True
Suppose g + i - 32 = 6*i, g + 4*i = 41. Is g prime?
True
Suppose -m + 337 = 4*t, t + 2*m - 103 = -2*m. Is t composite?
False
Suppose -x = 2*x + 3, 12 = 3*v - 3*x. Suppose 4 + 26 = 5*o + v*u, 4*u - 32 = -4*o. Suppose 0 = o*w + w - 28. Is w a composite number?
False
Let i = 204 + 7. Is i prime?
True
Let m = 1648 + -1085. Is m prime?
True
Is ((-122)/(-2))/((-4)/(-20)) prime?
False
Let o(v) = -v**2 + 5*v + 2. Let z be o(3). Suppose z*a = 3*a + 325. Is a a composite number?
True
Suppose 0 = -2*j - 2*h - h + 3, -h + 5 = 2*j. Suppose -5*c = g - 10, -c = -2*g + 23 - j. Let o = 25 - g. Is o prime?
False
Suppose m + 5*l - 165 = 0, 155 + 22 = m + 2*l. Is m a composite number?
True
Suppose -2*r + 4*r - 1426 = -3*p, 0 = p 